 10, what is -36 + -598?
-634
In base 2, what is -111111100 + 10?
-111111010
In base 13, what is -285 + -5?
-28a
In base 8, what is 30 + 14?
44
In base 4, what is -100020 - 11?
-100031
In base 2, what is -1011001 + 1000001?
-11000
In base 6, what is 3 - -52?
55
In base 15, what is 5a + 8?
63
In base 14, what is 0 + 44c?
44c
In base 16, what is -17a + -3?
-17d
In base 9, what is -3 - -67?
64
In base 12, what is 1 - -37?
38
In base 4, what is 32 + 21?
113
In base 11, what is 2 + 153?
155
In base 6, what is -14 - 4?
-22
In base 15, what is -2 - -52c?
52a
In base 14, what is 135 - 3?
132
In base 2, what is -1011011 + -101?
-1100000
In base 13, what is -c - -37c?
370
In base 9, what is -4 - 81?
-85
In base 3, what is 110211121 - 2?
110211112
In base 13, what is 18 - a1?
-86
In base 2, what is 1111001 - -111011?
10110100
In base 2, what is 110 + -100111010?
-100110100
In base 12, what is 3b5 + -7?
3aa
In base 2, what is 11011 + -10011111010?
-10011011111
In base 14, what is -7 + 5?
-2
In base 9, what is -134 + 5?
-128
In base 4, what is -3031131 + 2?
-3031123
In base 2, what is 11101111 + 1?
11110000
In base 12, what is 0 - 2938?
-2938
In base 2, what is -1000001010111 - -10?
-1000001010101
In base 5, what is 4142 - 13?
4124
In base 10, what is -114 + -9?
-123
In base 7, what is -2 - -301?
266
In base 5, what is 1042 + 1?
1043
In base 2, what is -1010010010 + 1?
-1010010001
In base 9, what is 8 + -85?
-76
In base 10, what is 5 + 48?
53
In base 5, what is -11 - -201?
140
In base 5, what is 333 + -1?
332
In base 12, what is -12 + -182?
-194
In base 8, what is 137 - 51?
66
In base 7, what is 50 + -30?
20
In base 15, what is -65 - 6?
-6b
In base 12, what is -5 - a?
-13
In base 14, what is 6b + -5?
66
In base 6, what is 5 - 10401?
-10352
In base 16, what is -1 - -30b?
30a
In base 15, what is -22 - -3?
-1e
In base 15, what is -a + -130?
-13a
In base 13, what is -3 - 26?
-29
In base 5, what is 2 + 124311?
124313
In base 3, what is 110 - 1010221?
-1010111
In base 16, what is d - -2e?
3b
In base 15, what is 15 - 5?
10
In base 7, what is 416 + -4?
412
In base 6, what is -132 - 120?
-252
In base 8, what is 1 - -1526?
1527
In base 10, what is 7193 + 1?
7194
In base 9, what is -28128 + 5?
-28123
In base 4, what is -1330 + -12?
-2002
In base 3, what is -111 + -10202?
-11020
In base 7, what is -416 + 1?
-415
In base 15, what is 1 - -1d7?
1d8
In base 5, what is 13 - 11?
2
In base 12, what is -4 + 305?
301
In base 7, what is 4 + -165?
-161
In base 4, what is -3113201 - -11?
-3113130
In base 3, what is 2 - -2112110?
2112112
In base 2, what is 0 + -1011101111?
-1011101111
In base 9, what is 228 + 5?
234
In base 13, what is 13 + -6b?
-58
In base 7, what is -5 + 1402?
1364
In base 7, what is 3 - -241?
244
In base 3, what is -10 - 22?
-102
In base 6, what is -5 + 514?
505
In base 14, what is 7 + -3a0?
-397
In base 13, what is -b5 - 0?
-b5
In base 9, what is -1234 + -8?
-1243
In base 6, what is -1 + 45?
44
In base 12, what is 2 + -60?
-5a
In base 7, what is -5 + -1225?
-1233
In base 16, what is 3 + -51e?
-51b
In base 12, what is 8 + -766?
-75a
In base 12, what is 9a2 + -3?
99b
In base 9, what is 2 - -27?
30
In base 11, what is 347 + 31?
378
In base 4, what is 11 + -20?
-3
In base 13, what is 1 - 12a3?
-12a2
In base 3, what is 12 + 10120?
10202
In base 5, what is -3 + -2121?
-2124
In base 5, what is -2 - 122040?
-122042
In base 13, what is 312 - 24?
2bb
In base 4, what is 200 - -22?
222
In base 15, what is 11 - -1a?
2b
In base 16, what is -12b - -1?
-12a
In base 3, what is -1012211112 + 12?
-1012211100
In base 15, what is -27 - dd?
-115
In base 5, what is 12110 + 0?
12110
In base 9, what is -2 - -368?
366
In base 2, what is 100000 + -1010?
10110
In base 7, what is -1530 + 3?
-1524
In base 4, what is 31 - 20011?
-13320
In base 3, what is -10 - -2200?
2120
In base 16, what is 2 + 21?
23
In base 13, what is -1 + 29?
28
In base 12, what is -3 + 45?
42
In base 2, what is 100110101001 + 10?
100110101011
In base 9, what is -3 - -1374?
1371
In base 2, what is -1011 - 110?
-10001
In base 10, what is 29863 + 4?
29867
In base 6, what is -4 - 2?
-10
In base 11, what is -29371 + 3?
-29369
In base 15, what is -9c - -1?
-9b
In base 12, what is -64 - -8?
-58
In base 6, what is -5110 + 5?
-5101
In base 14, what is 16 - 318?
-302
In base 14, what is b92 - 4?
b8c
In base 9, what is -5 - 3?
-8
In base 7, what is 44 + -4?
40
In base 9, what is -1253 + 4?
-1248
In base 12, what is 5a1 + 2?
5a3
In base 5, what is 12 + 22?
34
In base 10, what is -1686 + 2?
-1684
In base 5, what is 0 - -122?
122
In base 12, what is -18 + -1?
-19
In base 7, what is -5 - -50?
42
In base 12, what is 2 + 1b?
21
In base 5, what is -3 + -230?
-233
In base 12, what is -382 - 0?
-382
In base 5, what is 0 - 1010?
-1010
In base 14, what is 8c + -5?
87
In base 7, what is 63 + 4?
100
In base 4, what is 30 - 232?
-202
In base 8, what is -34567 + 2?
-34565
In base 4, what is -12313 + -11?
-12330
In base 13, what is 9 - -238?
244
In base 7, what is 214 + 3?
220
In base 2, what is 11 - -101111?
110010
In base 16, what is 5 - 22?
-1d
In base 6, what is -31304 + 2?
-31302
In base 3, what is -10202 - 1?
-10210
In base 13, what is -a - 4a0?
-4aa
In base 6, what is 204 + 0?
204
In base 5, what is 1203 - 3?
1200
In base 7, what is 2 + -1106?
-1104
In base 10, what is 2 - -235?
237
In base 13, what is 2226 - -1?
2227
In base 14, what is 268 - 3?
265
In base 7, what is -2 + 20220?
20215
In base 16, what is -c - -19?
d
In base 4, what is -2 + 212?
210
In base 8, what is 272 - -3?
275
In base 13, what is -1a1 + -2?
-1a3
In base 8, what is -2352 - 1?
-2353
In base 9, what is 3 + 272?
275
In base 9, what is -3 - -142?
138
In base 15, what is 1 + 9a?
9b
In base 15, what is -158 + 1?
-157
In base 4, what is -11 - 101012?
-101023
In base 7, what is 4 - 35?
-31
In base 16, what is -123 + -e?
-131
In base 8, what is -146 + -54?
-222
In base 15, what is 4 + 6a9?
6ad
In base 3, what is -211221 + 1?
-211220
In base 15, what is -1c28 - -3?
-1c25
In base 11, what is -2 - 235a?
-2361
In base 2, what is 1000 - -101010?
110010
In base 7, what is 11 + -2302?
-2261
In base 2, what is 100100100100 - -1101?
100100110001
In base 9, what is 0 + -35?
-35
In base 11, what is -4 - -26a?
266
In base 15, what is -4 + 2e?
2a
In base 6, what is 551 - -2?
553
In base 4, what is -113 + -10?
-123
In base 11, what is -21 - -a?
-12
In base 5, what is 11403 + 1?
11404
In base 5, what is 304 + -203?
101
In base 14, what is 8 - -5a?
64
In base 7, what is -1553 + 5?
-1545
In base 6, what is -5 - 2411?
-2420
In base 2, what is 100100 - 1100010?
-111110
In base 7, what is 1243 + -1?
1242
In base 2, what is 1 - 11111001?
-11111000
In base 12, what is -1096 + -5?
-109b
In base 3, what is 1011 + 0?
1011
In base 3, what is 102111 + 0?
102111
In base 6, what is 15 + -1550?
-1531
In base 2, what is 1010001 - -11000?
1101001
In base 7, what is -303 + -3?
-306
In base 5, what is 1132 + -113?
1014
In base 10, what is 328 + -27?
301
In base 9, what is -2 + 1160?
1157
In base 4, what is 110 - -310?
1020
In base 7, what is 42 + 0?
42
In base 5, what is -1 + -43?
-44
In base 9, what is -3273 + -1?
-3274
In base 8, what is 275 - 65?
210
In base 12, what is 319 + -3?
316
In base 14, what is 1 + 82?
83
In base 10, what is 18 + -8?
10
In base 3, what is -121 - 22010?
-22201
In base 10, what is -132 - 5?
-137
In base 7, what is -2 + 341?
336
In base 4, what is -1 + -202112?
-202113
In base 10, what is 4 - -1850?
1854
In base 10, what is -5 + 3?
-2
In base 9, what is 4 - 60?
-55
In base 13, what is -23 + 5?
-1b
In base 16, what is 41 - -4?
45
In base 5, what is 2 + -402?
-400
In base 5, what is -32 + -122?
-204
In base 12, what is 1621 + -4?
1619
In base 6, what is 3 - -103?
110
In base 6, what is 15123 + 4?
15131
In base 2, what is -1110111 - 10?
-1111001
In base 2, what is -1000 - 111100001?
-111101001
In base 9, what is -3 - -45?
42
In base 5, what is -1002 + -103?
-1110
In base 9, what is -70 + 2?
-67
In base 12, what is 2 - 4b4?
-4b2
In base 5, what is -1 - -230?
224
In base 16, what is b1 - -5?
b6
In base 3, what is 1 + 101210200?
101210201
In base 12, what is -a1 + -1?
-a2
In base 10, what is -6358 - 0?
-6358
In base 7, what is 1 - 213?
-212
In base 13, what is 4bb + -a?
4b1
In base 6